 h + c. What is the greatest common factor of b and 8?
8
Let i(d) = 2*d + 7. Let a be i(-3). Calculate the highest common divisor of a and 8.
1
Let z = 140 + -32. What is the greatest common factor of z and 18?
18
Let q be 153/2 - (-6)/(-4). Let v be (2 + 35 - 1)*-1. Let h = q + v. What is the greatest common divisor of 26 and h?
13
Let c = 8 - 3. Suppose y - 4*i - 27 = -c*i, 4*i + 12 = 0. Suppose -4*d = -2*d - y. Calculate the greatest common factor of 30 and d.
15
Let w(a) = -a**3 + 8*a**2 - 5*a - 10. Let o be w(7). Let z = o - 2. Suppose -v = 2*k - 28, 4*k = -z*v + k + 56. What is the greatest common factor of 7 and v?
7
Let m be (2 - 9)*2*-1. Let b = m + -10. Suppose -k + 21 - 4 = 5*s, 2*s + b = 5*k. What is the greatest common factor of 9 and s?
3
Let x(g) = 2*g**2 - 6*g - 7. Let a be x(5). Let n(z) = -3*z + 61. Let i be n(16). Calculate the greatest common factor of a and i.
13
Let f(u) = 2*u**2 - u - 1. Let r be f(3). Let b = -25 - -5. Let g be (42/5)/((-4)/b). What is the greatest common factor of g and r?
14
Let w(o) = o**3 + 6*o**2 + 2*o + 4. Suppose -32 = 5*i - 7. Let f be w(i). What is the highest common factor of f and 133?
19
Suppose -25 = -4*u + 27. Calculate the highest common factor of u and 13.
13
Let j = -170 + 197. What is the greatest common divisor of j and 72?
9
Let s = -377 + 196. Let p = -64 - s. Let j be (-13)/(-1*(1 - 0)). Calculate the greatest common divisor of j and p.
13
Let p(b) = -b + 9. Suppose -8*y + 35 = -3*y. Let f be p(y). Suppose 0 = 5*a - 8 - 2. What is the highest common divisor of a and f?
2
Suppose a = 3*f - 9, 3*f + 6 = 4*a - 8*a. Suppose -131 = -3*c + 5*t, -c = -f*t + 4*t - 40. What is the greatest common divisor of c and 21?
21
Let a be (27 - 0)/(1/2). Let t = -26 + 64. Suppose 5*c + t - 218 = 0. Calculate the greatest common factor of c and a.
18
Let s be -1 + (-1 - -2*1). Suppose s = -4*q + 4*w + 4, -q - 2*q = -w - 1. Let i be (-44)/(q - 1/2). Calculate the highest common factor of i and 8.
8
Suppose i - 2 - 5 = k, 9 = 3*k + 3*i. Let s(d) = 26*d**2 - d - 2. Let w be s(k). Calculate the greatest common divisor of 13 and w.
13
Let t = 0 - -6. Suppose -2*o - 2*o + 5*j + 28 = 0, j = -5*o + 6. What is the greatest common divisor of o and t?
2
Suppose p = 3*b + 11 - 30, 4 = -p. Calculate the highest common divisor of 25 and b.
5
Suppose n - 3*n + 204 = 0. Suppose 8*a = 2*a + n. Calculate the highest common divisor of 51 and a.
17
Suppose -3*v + 3*t + 8 = -v, 8 = 2*v - t. Let i be 3/12 - (-19)/4. Suppose 5*x - 32 = -z, -i*z = -z - 2*x - 40. What is the greatest common divisor of v and z?
4
Suppose -q - 144 = -5*q. Let b be 1 + (-57 + 1)/(-4). Suppose -5*g + 47 = z, 5 - b = -5*z. What is the greatest common factor of q and g?
9
Let u be ((-663)/26)/(1/(-2)). Calculate the highest common divisor of 34 and u.
17
Let v be 36/(-14)*(-1 - 27). Suppose -5 = -3*p + 4. Suppose 0 = -0*h - p*h + 27. What is the greatest common factor of v and h?
9
Let j(b) = -b**2 - 28*b - 46. Let r be j(-26). Let z = 6 - 3. What is the greatest common factor of z and r?
3
Suppose 0*m + 69 = 5*p + m, -2*p - 5*m = -23. Calculate the highest common factor of p and 14.
14
Let h(p) = -3*p + 6. Let b be h(-3). What is the greatest common factor of b and 5?
5
Let t(n) = 2*n - 6. Let j be t(6). Let b be (-1)/10 - ((-204)/40 - 7). Calculate the highest common divisor of j and b.
6
Let x = -5 + 19. What is the greatest common divisor of 2 and x?
2
Let r = 520 + -190. Let j be ((-1)/2)/((-3)/r). What is the greatest common factor of j and 22?
11
Let i be 43 + -14 + (0 + -3)/(-3). What is the highest common factor of 6 and i?
6
Let g be 2/((-5)/(-3) + -1). Let y(f) = 5*f**2 - 2. Let o be y(-2). Calculate the highest common divisor of o and g.
3
Let u be 3 + (-57)/1*(-8)/24. Calculate the greatest common divisor of 66 and u.
22
Suppose 5*j + 141 = -4*k, 100 = -3*k - j + 3*j. Let t = 58 + k. Suppose 0 = -w + 5*w - t. What is the greatest common factor of 4 and w?
2
Let c be ((-276)/(-9))/(-4)*-3. Suppose -b - s - 4*s = 7, -b + c = -5*s. Calculate the highest common divisor of b and 24.
8
Let z(r) = -11*r - 9. Let g be z(-7). Suppose 0 = -4*l - 0*l + 68. What is the greatest common divisor of l and g?
17
Let m(b) = b**3 - 5*b**2 - 2*b + 6. Suppose 2*i = 7*i - 15. Suppose 9 + 9 = i*g. Let v be m(g). Calculate the greatest common divisor of v and 75.
15
Let w = -254 - -464. Suppose 10 = 5*h - 5, -5*v = -5*h - w. Calculate the greatest common factor of v and 9.
9
Suppose 3*o - o - 4*y - 6 = 0, 0 = -3*o + 5*y + 12. Let g be 6/4*(1 + o). Let q = -7 + 10. Calculate the highest common divisor of q and g.
3
Let g(j) = 6*j + 1. Let f be g(4). Calculate the highest common factor of f and 10.
5
Let b be 1 - -25 - 3/3. Calculate the highest common factor of 5 and b.
5
Let f = 270 + -30. Suppose -39 = -l - 15. Calculate the greatest common divisor of f and l.
24
Suppose v = -18 - 2. Let x be 2/3*(-150)/v. What is the highest common divisor of x and 45?
5
Suppose -3*w + 2*b + 46 = 0, -31 = -5*w + 2*b + 39. Suppose u + 5*r - 10 = 0, -3*r - 27 = 5*u - 165. What is the highest common factor of w and u?
6
Let z(k) be the second derivative of -5*k**3/6 - 9*k**2/2 + 5*k. Let n be z(-6). What is the greatest common divisor of 42 and n?
21
Let u = -3 + -6. Suppose -2*s + 0*s = -3*t - 11, -2*s - 5*t = 29. Let n be 119/9 - s/u. What is the greatest common factor of n and 13?
13
Let t be (1 + -3 - 0) + 0. Let x be t/(-3) + (-5)/(-15). What is the greatest common divisor of 5 and x?
1
Let r = 66 - 6. Suppose -3*x + 8*x - r = 0. Calculate the highest common factor of x and 12.
12
Let b be 6/(-2 + -2 + (-100)/(-24)). Calculate the highest common factor of 180 and b.
36
Let v = 10 + -21. Let a = -10 - v. What is the greatest common divisor of a and 1?
1
Let q(h) = 17*h**2. Suppose 4*o + 0 = 4. Let s be q(o). Calculate the highest common divisor of s and 187.
17
Suppose 3*o + r = 2*r + 180, 0 = -5*r. What is the greatest common factor of o and 40?
20
Let f(d) = -d**3 + 3*d**2 + 6*d - 3. Let z be f(4). Suppose 424 = 4*l - 4*x, 0*l = z*l - 3*x - 534. Calculate the highest common factor of 12 and l.
12
Let v be (-7 - (4 + 0))*-1. What is the greatest common divisor of v and 1?
1
Suppose 0 = 3*c - 2*c + 56. Let t = -36 - c. Suppose -u = -175 + 135. Calculate the highest common factor of t and u.
20
Let l(p) = 19*p**2 + 5*p - 10. Let i be l(7). Let m be 2/4 + i/8. What is the highest common factor of m and 48?
24
Let a = -2 - -2. Suppose a = -0*l - 2*l. Suppose 4*d - 20 + 4 = l. What is the highest common divisor of d and 6?
2
Let b = -43 - -46. What is the highest common factor of b and 1?
1
Suppose -y - 4*i = 3*y - 24, 0 = -3*y + 5*i + 50. What is the greatest common factor of y and 100?
10
Let x(n) = n - 5. Let h be x(14). Calculate the highest common divisor of h and 1.
1
Let k(w) = -5*w**2 + 30*w - 5. Let r be k(5). What is the highest common factor of 40 and r?
20
Let z = 5 + 0. Let j(h) = 27*h + 1. Let g(d) = -d**3 - 7*d**2 - 7*d - 4. Let m be g(-6). Let a be j(m). What is the greatest common factor of z and a?
5
Suppose -3*f + f + 6 = 0. Let m(v) = v**3 + 2*v**2 - 2*v - 3. Let g be m(-2). What is the greatest common factor of g and f?
1
Let i = 0 + 3. Suppose 0 = -3*y + 4*b + 368, -i*b - 2*b + 470 = 4*y. Calculate the greatest common divisor of 20 and y.
20
Let h be 171/38*(-4)/(-6). Calculate the highest common factor of 24 and h.
3
Suppose 2*i - 10 = -0*i. Let x = i + -1. Calculate the highest common factor of x and 36.
4
Suppose 3*b - 28 = 4*z - 5, b = -3*z + 25. Let x = b - 10. What is the highest common divisor of 33 and x?
3
Suppose -2*l - k + 7 = -49, 2*l - 68 = 2*k. Let m be (37 + 5)/7*(1 + 1). What is the highest common divisor of l and m?
6
Let q = 320 - 122. What is the highest common factor of q and 22?
22
Let t(o) = o - 4. Let x be t(8). Suppose 9*y = x*y + 135. What is the greatest common divisor of y and 18?
9
Suppose -3*m = -2*m - 35. Suppose -4*p - 4*x = -260, 2*p - 2*x + m = 181. What is the greatest common divisor of p and 46?
23
Suppose -2*c - 6*x + x + 325 = 0, 5*x + 760 = 5*c. What is the greatest common factor of 31 and c?
31
Let v(n) = -n**3 - 8*n**2 + 2*n + 4. Let j be (-2)/(4/22) + 2. Let x be v(j). Suppose -f + x = -54. What is the greates